mon factor of 40 and 900?
20
What is the highest common divisor of 2 and 11?
1
What is the highest common divisor of 20009 and 17?
17
What is the highest common divisor of 1352 and 26?
26
What is the greatest common factor of 378 and 322?
14
Calculate the highest common factor of 490 and 385.
35
What is the greatest common factor of 341 and 154?
11
Calculate the highest common factor of 93 and 57009.
93
What is the highest common divisor of 5685 and 30?
15
Calculate the greatest common divisor of 348 and 29.
29
Calculate the highest common factor of 605 and 880.
55
What is the greatest common factor of 170 and 136?
34
Calculate the greatest common factor of 40 and 30.
10
What is the highest common divisor of 124 and 4?
4
What is the greatest common factor of 450 and 162?
18
Calculate the highest common divisor of 109 and 2071.
109
What is the highest common factor of 13 and 585?
13
What is the greatest common factor of 14 and 106?
2
Calculate the highest common divisor of 3264 and 6.
6
Calculate the highest common divisor of 21357 and 1323.
189
What is the highest common factor of 588 and 252?
84
What is the highest common divisor of 2301 and 39?
39
What is the highest common factor of 1668 and 24?
12
Calculate the greatest common divisor of 1980 and 30.
30
What is the highest common divisor of 29 and 1?
1
What is the greatest common factor of 209 and 44?
11
Calculate the highest common factor of 482 and 44.
2
What is the highest common divisor of 476 and 3213?
119
Calculate the highest common factor of 1785 and 630.
105
Calculate the highest common divisor of 68 and 1156.
68
Calculate the highest common factor of 196 and 112.
28
Calculate the highest common divisor of 104 and 1053.
13
Calculate the greatest common factor of 24 and 288.
24
Calculate the highest common divisor of 6 and 1524.
6
What is the highest common divisor of 64 and 576?
64
What is the highest common factor of 122 and 15372?
122
What is the greatest common divisor of 62 and 682?
62
Calculate the highest common divisor of 711 and 15.
3
What is the greatest common factor of 81 and 21951?
81
Calculate the highest common divisor of 781 and 33.
11
Calculate the highest common factor of 2114 and 14.
14
Calculate the highest common factor of 80 and 7180.
20
Calculate the highest common divisor of 39 and 2067.
39
Calculate the greatest common divisor of 64 and 6.
2
What is the greatest common factor of 3551 and 53?
53
What is the greatest common factor of 15 and 951?
3
What is the highest common factor of 1065 and 2343?
213
What is the greatest common factor of 8591 and 142?
71
Calculate the greatest common factor of 26538 and 6.
6
What is the highest common divisor of 105 and 70?
35
What is the highest common factor of 18 and 6309?
9
What is the highest common divisor of 1183 and 182?
91
Calculate the highest common factor of 23 and 437.
23
What is the highest common factor of 138 and 6?
6
What is the greatest common factor of 368 and 2944?
368
Calculate the greatest common factor of 1152 and 27.
9
Calculate the highest common divisor of 45 and 18.
9
Calculate the greatest common factor of 204 and 12.
12
Calculate the highest common divisor of 261 and 36.
9
Calculate the greatest common divisor of 156 and 15.
3
Calculate the greatest common divisor of 378 and 49.
7
Calculate the greatest common factor of 624 and 240.
48
Calculate the highest common factor of 152 and 16.
8
Calculate the highest common divisor of 425 and 68.
17
Calculate the highest common divisor of 1017 and 108.
9
What is the highest common divisor of 60 and 320?
20
Calculate the highest common factor of 171 and 5757.
57
Calculate the greatest common divisor of 64 and 92.
4
Calculate the highest common factor of 12 and 132.
12
What is the greatest common divisor of 315 and 120?
15
What is the highest common factor of 7 and 51023?
7
What is the greatest common divisor of 8904 and 12?
12
What is the greatest common divisor of 333 and 37?
37
What is the highest common factor of 45 and 36?
9
Calculate the highest common factor of 9 and 1167.
3
What is the greatest common factor of 63 and 49?
7
What is the highest common factor of 5629 and 39?
13
Calculate the highest common factor of 186 and 434.
62
Calculate the greatest common divisor of 32 and 108.
4
What is the highest common factor of 767 and 26?
13
What is the greatest common factor of 112 and 80?
16
Calculate the greatest common factor of 2093 and 161.
161
What is the highest common factor of 30 and 258?
6
Calculate the highest common factor of 14 and 4802.
14
What is the greatest common divisor of 12 and 5124?
12
Calculate the highest common factor of 46 and 230.
46
Calculate the highest common divisor of 1141 and 2934.
163
What is the highest common factor of 2660 and 210?
70
What is the highest common factor of 88 and 968?
88
What is the highest common factor of 52 and 12?
4
What is the highest common factor of 60 and 222?
6
What is the greatest common divisor of 18 and 666?
18
Calculate the greatest common divisor of 1738 and 22.
22
Calculate the greatest common factor of 24 and 124.
4
Calculate the highest common divisor of 233 and 16077.
233
Calculate the highest common factor of 5452 and 29.
29
What is the greatest common factor of 99 and 4092?
33
Calculate the greatest common factor of 4 and 394.
2
Calculate the greatest common factor of 231 and 3795.
33
Calculate the greatest common factor of 35 and 280.
35
Calculate the highest common factor of 20 and 7460.
20
Calculate the greatest common divisor of 22 and 594.
22
Calculate the greatest common divisor of 204 and 272.
68
Calculate the greatest common factor of 143 and 517.
11
Calculate the highest common divisor of 220 and 176.
44
Calculate the greatest common factor of 22 and 4334.
22
What is the greatest common divisor of 60 and 120?
60
Calculate the highest common factor of 2375 and 225.
25
What is the highest common factor of 30 and 870?
30
What is the greatest common divisor of 46 and 14007?
23
Calculate the highest common divisor of 28678 and 26.
26
What is the greatest common divisor of 6440 and 575?
115
What is the highest common factor of 752 and 16?
16
What is the greatest common factor of 728 and 832?
104
Calculate the highest common factor of 7 and 63.
7
Calculate the greatest common factor of 16 and 3872.
16
Calculate the highest common divisor of 444 and 108.
12
Calculate the greatest common divisor of 8 and 88.
8
What is the greatest common divisor of 7632 and 106?
106
What is the greatest common factor of 1794 and 874?
46
What is the highest common divisor of 40 and 220?
20
What is the greatest common divisor of 594 and 216?
54
Calculate the highest common factor of 4012 and 102.
34
What is the highest common factor of 217 and 12989?
31
Calculate the greatest common factor of 1356 and 791.
113
Calculate the greatest common divisor of 460 and 2990.
230
Calculate the highest common factor of 3 and 1107.
3
Calculate the greatest common divisor of 27 and 837.
27
Calculate the greatest common divisor of 448 and 92.
4
What is the greatest common factor of 51 and 323?
17
Calculate the greatest common divisor of 150 and 20.
10
What is the highest common divisor of 910 and 42?
14
Calculate the highest common divisor of 22 and 54.
2
What is the highest common factor of 336 and 32?
16
What is the highest common factor of 9102 and 2442?
222
What is the greatest common divisor of 384 and 294?
6
Calculate the highest common divisor of 8 and 1096.
8
Calculate the highest common divisor of 22 and 803.
11
What is the greatest common divisor of 14560 and 780?
260
What is the highest common factor of 11664 and 48?
48
What is the greatest common divisor of 17395 and 490?
245
What is the highest common divisor of 1425 and 38?
19
Calculate the highest common divisor of 8 and 8528.
8
What is the highest common factor of 1952 and 549?
61
What is the greatest common divisor of 8176 and 14?
14
Calculate the greatest common factor of 245 and 105.
35
Calculate the highest common divisor of 95040 and 180.
180
Calculate the greatest common factor of 73 and 1387.
73
Calculate the greatest common factor of 3830 and 20.
10
What is the highest common divisor of 4 and 492?
4
What is the highest common factor of 3 